ctor of n and 69.
23
Let s be (12 + 0)/(5 + -4). Let u be ((-1)/1)/(s/(-24)). What is the greatest common factor of u and 8?
2
Let t be -43 + 217 + (1 + -1)/1. Calculate the greatest common divisor of t and 6.
6
Let f(t) = 49*t + 1064. Let c be f(0). Calculate the highest common factor of 112 and c.
56
Let t be (-2)/10 + (5 - 5198/(-115)). What is the greatest common factor of 440 and t?
10
Let o be (3/(-4) - -1) + 39550/200. Suppose -35 - 9 = -2*a - 4*c, 5*c = -5*a + 100. What is the highest common factor of o and a?
18
Let f = 110 - 101. What is the greatest common factor of f and 24?
3
Let r = 66 - 39. Suppose 3*s = 8 + 7, 5*w + 3*s - 30 = 0. Suppose -4*u = -j + 11, 4*j - w*j - 1 = -u. Calculate the greatest common factor of j and r.
3
Let h = 4 + -6. Let s = -7 + h. Let l(o) = -2*o - 4. Let g be l(s). What is the greatest common factor of 35 and g?
7
Let f be -53 - -2 - 3/(-3). Let w = -37 - f. Calculate the highest common factor of w and 143.
13
Let r be ((-20)/(-6))/((-11)/66). Let z be r/(-6) + 12/18. Suppose -5*t = g - 37, z*t - 2*g = -4*g + 32. Calculate the greatest common divisor of t and 14.
7
Let t = -26 + 26. Suppose 6*w - 9*w = t. Let l be (w - 6/(-4))*2. What is the highest common divisor of l and 3?
3
Let g(o) = -20*o - 220. Let i be g(-44). Calculate the highest common divisor of i and 11.
11
Let y(u) = 5*u - 34. Let v = -6 + 20. Let k be y(v). What is the greatest common divisor of k and 9?
9
Let d(z) = z + 8. Let v be d(-4). Suppose 0 = -v*t - 4*x + 36, 12 = 2*t + 5*x - 0*x. Calculate the highest common divisor of 11 and t.
11
Let k(m) = 2*m**2 - m + 4. Let l be k(-3). Suppose 2*s + l = 7*s. Let f = -1 + 56. What is the greatest common divisor of f and s?
5
Suppose -5*i - 19*g + 24*g + 230 = 0, -3*g = -2*i + 94. Calculate the highest common divisor of 1408 and i.
44
Let u(i) = -23 + 6 - 7*i + 24*i + 11. Suppose 2*j - 9 = -3*p, j - 21 = -2*j + 3*p. Let y be u(j). What is the greatest common factor of 24 and y?
24
Let h(n) be the first derivative of n**3/3 - 5*n**2/2 - 4*n + 13. Let u be h(-5). What is the greatest common factor of u and 92?
46
Suppose 4*c + 12 = 0, -11 = v - 2*v + 2*c. Suppose 0 = v*s + 15, 3*t - 63 = -3*s + 3. Calculate the highest common factor of t and 200.
25
Let l(j) = 265*j**2 - j. Let f be l(1). Suppose 361 = 16*k - 167. Calculate the greatest common divisor of f and k.
33
Let f(c) = c**2 - 2*c + 10. Let g be f(-8). Suppose -2*q = -q - 9. Let k(x) = 6*x + 6. Let a be k(q). Calculate the greatest common divisor of a and g.
30
Suppose 5*r = 19 + 16. Suppose 519 = -5*x + 3*l, -l - 6 = -3*l. Let k = x - -158. What is the greatest common divisor of k and r?
7
Suppose -12*j = -587 + 131. Suppose 151 = 4*d - 49. Let y = d + j. Calculate the greatest common factor of y and 8.
8
Let w be (-287 - 7)/(6/4). Let y = 71 - w. Let i = -69 + y. Calculate the highest common divisor of i and 22.
22
Suppose -720 = -37*u + 33*u. Calculate the greatest common divisor of u and 36.
36
Let p(c) = 23*c**2 - 2*c + 3. Let o = -8 + 9. Let y be p(o). Calculate the highest common divisor of 36 and y.
12
Let m be (-4530)/(-27) + (-8)/(-36). What is the highest common divisor of m and 224?
56
Let k(l) = -10*l - 2. Let g be k(-1). Let s = 42 + g. What is the greatest common divisor of 125 and s?
25
Suppose 0 = 4*z - 4*l - 8, 3*l + 3 = 2*z + 1. Let w(t) = 11*t - 11. Suppose -16 = 3*j - 31. Let u be w(j). What is the highest common factor of z and u?
4
Suppose -5*s - 621 = -3*h, -4*s - 712 = -3*h - 91. Suppose 2*b = 47 + 25. Let o = -13 + b. What is the highest common factor of o and h?
23
Let f be ((-20)/(-3))/(2/12). Let z be 4 + 1*(-1 - 0). Suppose -205 = -2*d + l, 0*d = -d + z*l + 115. What is the greatest common factor of f and d?
20
Let p be (-143)/5 + (-18)/45. Let f = -23 - p. Let n = -20 + 32. What is the highest common divisor of n and f?
6
Suppose -x - 2*r + 17 = -34, -5*x + 4*r + 185 = 0. What is the greatest common factor of 287 and x?
41
Let b be ((-112)/20)/(8/(-20)). Suppose -2*u + u = 0. Suppose 4*m + 3*a - 448 = -u*a, 4*a = -5*m + 560. Calculate the greatest common factor of m and b.
14
Let v = -74 - -91. Suppose 4*t + t + r - 83 = 0, r = 2*t - 36. Calculate the highest common factor of v and t.
17
Let b = -886 - -887. Suppose 3 + 89 = 4*j. What is the highest common divisor of b and j?
1
Suppose -56 + 11 = -a. Let z be 86/(-10) - 32/80. Let g = 21 - z. Calculate the highest common factor of a and g.
15
Suppose 389 = 108*c - 259. Let g(b) = -54*b. Let a be g(-1). What is the highest common divisor of a and c?
6
Let g = -2 - -10. Suppose 6*f - 15 = 513. Calculate the greatest common divisor of f and g.
8
Let t = -13 + 21. Let q be (6 + -3 + -9)*4/(-6). Calculate the highest common divisor of q and t.
4
Let g = 41 + -51. Let u = -15 + 8. Let f = u - g. What is the greatest common factor of f and 18?
3
Suppose -75 = -z + 5. Suppose 11*r = 6*r + z. Calculate the greatest common divisor of r and 32.
16
Suppose 0 = -65*p + 2315 + 2950. What is the highest common divisor of 252 and p?
9
Suppose -39*m + 574 = -440. Let w(s) = s**3 + 7*s**2 + s - 6. Let c be w(-5). Calculate the greatest common divisor of c and m.
13
Let r = 95 + -25. Let c = 23 + -19. Suppose 0*d + c*d = 3*i - 62, 25 = -5*d. What is the highest common factor of r and i?
14
Let l be (-3)/(6/(-8)) + -2. Let x be (-105)/(-30) - 25/(-2). What is the highest common factor of x and l?
2
Let h = -11 - -55. Suppose 120 = 3*l - 4*j, 5*l - 10*l + 3*j + 211 = 0. What is the greatest common factor of h and l?
44
Suppose -2*o + 7*o = 10. Let s be (-18)/(-2) - (-7)/7. What is the greatest common factor of s and o?
2
Let h(z) = z**3 - 30*z**2 - 57*z - 197. Let s be h(33). What is the highest common divisor of s and 41?
41
Suppose 0 = 4*m - 120. Let g = -23 + m. What is the greatest common divisor of g and 2?
1
Suppose -2*y = 4*u - 140, -3*y = y - 3*u - 291. Let h = -15 + 23. Calculate the highest common divisor of y and h.
8
Let a(c) = -c**2 + 5*c - 2. Let x be a(4). Suppose -8 = x*m + 132. Let n be (-54)/(-7) + (-20)/m. Calculate the highest common divisor of n and 56.
8
Suppose -18*n + 12*n = -864. Calculate the greatest common factor of n and 108.
36
Let v be 4/(-8)*-4 - (2 - 6). Calculate the greatest common factor of v and 102.
6
Let n = 924 + -903. What is the highest common divisor of 133 and n?
7
Suppose -181 = -3*g - 4*u, -g + 3*u - 66 = -135. Calculate the highest common factor of 105 and g.
21
Let u(c) = c**2 + 23*c + 5. Let t be u(-23). Suppose -4*w - w = t*d - 610, -2*d - 596 = -5*w. Calculate the highest common divisor of w and 15.
15
Suppose -8*t + t + 168 = 0. What is the highest common factor of 312 and t?
24
Let a be -2 + (-100)/(-45) + (-2966)/(-18). What is the highest common divisor of 33 and a?
33
Let k be 154/(-6)*462/((-98)/7). Calculate the highest common factor of k and 28.
7
Suppose -y = -5*s - 75, -5*s = -s + 4. What is the highest common divisor of 56 and y?
14
Suppose -19*o = -300 - 593. What is the highest common factor of o and 799?
47
Let d(f) = -3*f**2 + 3*f. Let v be d(2). Let l be v + 4 + 97*2. Calculate the highest common factor of l and 12.
12
Let p be (-156)/(-12) - 0*1/2. Suppose -4*y + 19 + p = 0. Calculate the greatest common divisor of y and 20.
4
Let r(o) = 160*o**2 + 46 - 46 - 30*o**2. Let j be r(-1). What is the greatest common factor of j and 26?
26
Suppose 324 = 79*q - 52*q. What is the highest common divisor of 4260 and q?
12
Let v = 144 - 72. What is the greatest common factor of 666 and v?
18
Let j = -19 - -16. Let r(z) = -2*z - 2. Let u be r(j). Suppose -u = 4*m - 208. What is the highest common divisor of 34 and m?
17
Let c = 52 + -55. Let t be (1/c)/(0 + 5/(-60)). Let r be (1 - 0)*4/4. Calculate the highest common divisor of r and t.
1
Suppose -6*i + 162 = -150. What is the highest common factor of 65 and i?
13
Let p = -144 + 176. Let d(f) = 2*f**2 - 6*f - 8. Let o be d(7). Calculate the greatest common divisor of o and p.
16
Let v be 90/14 - (-40)/70. What is the greatest common divisor of 14 and v?
7
Suppose -15379 = -39*c - 5434. What is the highest common factor of 10 and c?
5
Let m be 370/(-3)*(-6)/4. Suppose 0 = 2*n - 3*n + m. Calculate the highest common factor of 37 and n.
37
Suppose 382 = 3*v - g, -2*v + 3*